/q. Let j = h + 15. What is the tens digit of j?
1
Suppose 3*t - 21 = -3*x, -5*t + 0 = -3*x + 21. Suppose -4*j + x*u - 3*u = -124, -2*j - 2*u = -74. Suppose -j - 10 = -2*b. What is the tens digit of b?
2
Suppose -43 = -g - 14. Suppose -5*n + g + 66 = 5*b, 6 = 3*n. What is the units digit of b?
7
Let l be (-3)/(-6)*6 + 430/(-2). Let p = l + 309. What is the tens digit of p?
9
Let x(o) = o**3 - 4*o**2 - 6*o + 7. Let d be x(5). Let n = 31 - d. What is the units digit of n?
9
Let d be (0 - -2)/(7/161). What is the units digit of 0 + (3 + -2)*d?
6
Let c(o) = -o**3 + 4*o**2 + 15*o + 14. What is the hundreds digit of c(-6)?
2
Let u(q) = -q + 17. Let m(a) = 1. Let p(s) = -6*m(s) + u(s). Suppose 8*x - 4*x - 28 = -3*k, -4*x + 5*k + 28 = 0. What is the units digit of p(x)?
4
Suppose -3*r - 6193 - 5963 = -3*b, 2*b - 5*r - 8113 = 0. What is the hundreds digit of b?
0
Suppose w - a - 103 = 4*w, 0 = 5*a - 25. Let c = 63 + -1. Let m = c + w. What is the units digit of m?
6
Let l = 93 + -81. Let n = l - -42. What is the tens digit of n?
5
Let t = -800 + 1253. What is the units digit of t?
3
Suppose v = -d + 8, -2*v + 0*d + 3*d = -1. Suppose -x - s + 83 = -0*s, -337 = -4*x - v*s. What is the units digit of x?
8
Let n(q) = 28*q + 36. What is the hundreds digit of n(9)?
2
Let u(o) be the first derivative of -o**5/20 + 5*o**4/12 - o**3/3 - 2*o**2 + 3*o + 3. Let d(y) be the first derivative of u(y). What is the units digit of d(3)?
8
Suppose 0 = 2*t - 0*t + 4*m - 778, -t + 4*m + 359 = 0. Suppose -2*y + 432 = 4*v, 2*y - t + 55 = -3*v. What is the hundreds digit of v?
1
What is the units digit of ((-276)/24)/(7/(-2590))?
5
Suppose 12*l + 11*l = 18722. What is the hundreds digit of l?
8
Suppose 3*v - 8*v = 20. Let j(f) = -7*f + 1. Let t(h) = -8*h + 1. Let x(k) = v*t(k) + 5*j(k). What is the units digit of x(0)?
1
What is the units digit of 2557 - 10*(-9)/(-18)?
2
Suppose 0 = -5*n + n - 5*i + 1185, 594 = 2*n + 2*i. What is the tens digit of n?
0
Let z be ((3/(-1))/(-3))/((-2)/(-14)). Suppose -z = -c + 13. What is the units digit of c?
0
Suppose 7*w = w - 18. Let g(i) = -9*i - 2. Let s be g(w). Suppose -4*y + 2*t + s = y, -2*y = -4*t - 26. What is the units digit of y?
3
Suppose y - 4170 = -4*x - 974, -812 = -x + 3*y. What is the units digit of x?
0
Let f = 69 - 64. What is the units digit of f/(10/354) + (1 - -1)?
9
Suppose -19*t - 14 = -26*t. Suppose 0 = d - 29 + t. What is the units digit of d?
7
Let y(w) = -w**2 - 9*w + 7. Let r be y(-6). What is the tens digit of (r/(-3))/((-106)/(-36) - 3)?
5
Suppose 317 = h + 5*t, 3*t + 1245 = h + 3*h. What is the tens digit of h?
1
Let c = 28 + -31. Let u(f) = 4*f**2 + 4*f + 1. Let a(n) = -8*n**2 - 7*n - 2. Let x(q) = -4*a(q) - 7*u(q). What is the units digit of x(c)?
7
Let m be (2 + (-35)/15)/((-2)/18). Suppose 4*k + 2*i = 2*k + 250, -k + 129 = m*i. What is the hundreds digit of k?
1
What is the hundreds digit of (380/(-30) - -12)*-4575?
0
Let t be 3/2 + (-11)/(-2). Suppose -t*j + 129 + 18 = 0. What is the units digit of j?
1
Let w = 1647 - 984. What is the hundreds digit of w?
6
Let b(u) = 6*u**3 + 1. Let o be b(-1). Let s = o + 12. Let l(z) = z + 2. What is the units digit of l(s)?
9
Let w be 8/(1/(-4) - 39/52). What is the tens digit of (-5*w/(-40))/(2/(-344))?
7
Suppose 137*x - 18 = 135*x. What is the tens digit of x/4*(-660)/(-15)?
9
Let b be (4/(-8))/(4/(-32)). Suppose 5*o + 2*f = -2*f + 877, o - 167 = -5*f. Suppose 3*m - o = -2*z - z, -b*m - 260 = -4*z. What is the tens digit of z?
6
Let s be (3 - (-19)/(-2))*-20. Let t = s + -81. What is the tens digit of t?
4
Suppose 2*f + 4*f = 102. Suppose -14 - 6 = 5*w. Let z = f + w. What is the units digit of z?
3
Suppose 3*u = -3*w, 4 = 7*w - 2*w + 4*u. What is the units digit of (w/10)/(8/360)?
8
Let w be 14/5 + (-36)/45. Let y(q) = 2*q**2 - q + w - 7 + 2. What is the units digit of y(3)?
2
What is the units digit of ((-46)/(-3))/(0 + (-2)/(-45))?
5
Let h(d) = -d**2 + 11*d - 1. Let c = 4 + 5. Let b be h(c). Suppose n = 2*j + b, 2*n + 5*j = 4*j + 44. What is the tens digit of n?
2
Let i be (4/(-18) - (-40)/45)*3. Suppose -i*z = -11*z + 1404. What is the tens digit of z?
5
Let x = -76 - -36. Let v = 10 - x. What is the tens digit of v?
5
Suppose -4*y - 3*y = 0. Suppose c - 358 = -5*b, b + b + 5*c - 157 = y. What is the units digit of b?
1
Let v be (-142)/14 - (4/28)/(-1). Let h = v + 24. What is the tens digit of h?
1
Let p(x) = -3*x**2 + 2. Let f be p(-2). Let q = -14 - f. What is the units digit of q/(-22) - (-846)/66?
3
Let v(d) = d**3 - 18*d**2 - 41*d - 52. What is the hundreds digit of v(21)?
4
Suppose -w - 4*p + 13 = -6*p, -4*p = -3*w + 37. Let o(j) = -j**3 + 10*j**2 + 10*j + 9. Let f be o(w). What is the units digit of f - (-46 + -3 + -1)?
8
Let r = -15 - -20. Suppose -19 - 91 = -r*z. What is the units digit of z?
2
Suppose 7*l + 8*l - 150 = 0. Let b(r) = 2*r**3 - 18*r**2 - 12*r - 11. What is the units digit of b(l)?
9
Suppose -54*l + 68*l - 6188 = 0. What is the hundreds digit of l?
4
Let c be 0/((-6)/2 - -4). Suppose 3*p + m - 27 = -2*p, m - 2 = c. Suppose 2*y = 0, -l = p*y - 2*y - 27. What is the tens digit of l?
2
Let m be (-13 + 9)/((-2)/3). Suppose -m*r = -14*r + 896. What is the units digit of r?
2
Let u(r) = 3*r**3 + 4*r**2. What is the hundreds digit of u(6)?
7
Suppose 2*j - 33 = 2*w - 151, 4*w + 5*j - 200 = 0. What is the tens digit of w?
5
Let i(z) = -z**3 + 9*z**2 + 3*z + 4. Let s be (-36)/(-15) - (-10)/(-25). Suppose 0 = -x + 2*y + 7, s*y = -2*x + 15 + 5. What is the tens digit of i(x)?
3
Suppose -491 = -9*q + 391. Suppose 122 = 5*c - q. What is the tens digit of c?
4
Suppose -27 = -23*n + 19. Let w(i) = -11*i - 1. Let j be w(-1). Suppose 0 = -x - n*x + 3*r + 15, 0 = -5*r - j. What is the units digit of x?
3
Let b(c) = 2*c**2 + 16*c - 41. What is the tens digit of b(-22)?
7
Suppose 0*x + 48 = 6*x. Let g(i) = i**3 - 8*i**2 + 14*i - 2. What is the tens digit of g(x)?
1
Suppose 3*d - n - 922 = n, -3*d + 926 = -n. What is the units digit of (-102)/85*d/(-4)?
3
Suppose -113*w + 103*w + 11430 = 0. What is the tens digit of w?
4
Suppose -16 = -u + 8. Let c be 4*3*2/u. Suppose -o + 15 = c. What is the units digit of o?
4
Let n be 1/(-2)*(5 - 1)*-1. Let x(v) = 17*v**2 + 2*v. What is the units digit of x(n)?
2
Suppose 39 = c + 3*v + v, 0 = c - 4*v - 63. Suppose h + f = -h + c, 0 = -4*f + 4. What is the tens digit of h?
2
What is the units digit of -95 + 94 - (0 - 755*1)?
4
Let u be (-3)/3 - (-130 - -3). Suppose -192 = -4*o - g - 24, 0 = 3*o + 3*g - u. What is the units digit of o?
2
Let z = -391 - -3376. What is the hundreds digit of z?
9
Let d = 62 + -14. Suppose -x = -3, -x + 2*x + d = g. What is the units digit of g?
1
Let h(q) = 9*q + 49. Let p be h(-5). What is the tens digit of -39*((-18)/378 - p/14)?
1
Let d be (-50)/(-4) + 6/(-12). Suppose -2*c = c - 4*k - 20, d = c - 4*k. Suppose c*g = 180 + 12. What is the tens digit of g?
4
Suppose -a + 327 = -1228. What is the thousands digit of a?
1
Let c be 0/(3/(0 - -3)*-1). Suppose 3*n - 2*n + 5*x - 40 = c, 258 = 5*n - 4*x. What is the units digit of n?
0
Suppose 2*k - 70 = 188. What is the units digit of k?
9
Let j = 2681 - 1805. What is the tens digit of j?
7
Let x(j) = -11*j**2 + 2*j - 1. Let d(w) = 1 + 1 - 10*w**2 - 3 + 7*w - 6*w. Let b(i) = -6*d(i) + 5*x(i). What is the units digit of b(-3)?
4
Let c = -42 - -174. What is the hundreds digit of c?
1
Suppose 4*n + 15 = 5*i, -4*i = -5*n - 4 - 8. Suppose -o - 55 = -g - n*o, 0 = 3*g - 4*o - 161. What is the tens digit of g?
5
Let v = 7060 - 3304. What is the units digit of v?
6
Let u = 7 + -11. Let q(j) = j - 7*j + 3 - 1 - j. What is the units digit of q(u)?
0
Suppose 0 = 42*z - 50*z + 2288. What is the hundreds digit of z?
2
Let v be ((-14)/42)/(2/(-18)). Let k be (0 + v)/(12/32). Suppose 22 = d - k. What is the units digit of d?
0
Suppose -22*i + 53845 + 15059 = 0. What is the tens digit of i?
3
Let j be (-1)/2*(1 - 3). What is the units digit of (j + -2)/(((-6)/(-38))/(-3))?
9
Let s(k) = -4*k**3 - 12*k**2 - 18*k - 6. What is the hundreds digit of s(-5)?
2
Suppose -5*n + 6 = -2*n. Let m(y) = y**2 - 2*y + 2. Let o be m(n). What is the tens digit of o/(6/33)*2?
2
Let y(s) = 14*s**2 - 2*s - 1. Suppose -2*u = 3*g - 0 - 1, -4*g + 3*u = 10. What is the tens digit of y(g)?